 Does 15 divide f?
True
Let i = 12 + -20. Let w = 11 + i. Does 2 divide w?
False
Let u(o) = 2 + 2*o - 12*o - 3*o. Let y(n) = 90*n - 15. Let i(q) = -15*u(q) - 2*y(q). Is 9 a factor of i(1)?
False
Let n be (-12)/9*849/(-2). Suppose -w - w - n = -4*x, -2*x + 280 = -2*w. Suppose -5*c - 10 = 0, -x = -5*g + 6*c - 2*c. Is 18 a factor of g?
False
Let h(j) = -j + 3*j - 45*j**3 - 3*j. Is h(-1) a multiple of 16?
False
Let f(b) = 2*b**2 - 20*b - 6. Does 8 divide f(11)?
True
Let k = -5 + 7. Suppose 2*i = -k*i + 28. Is 4 a factor of i?
False
Let d be 4 - ((0 - 2) + -1). Suppose -d*i + 3*i + 100 = 0. Is 24 a factor of i?
False
Let c(t) = t - 1. Let u(w) = -2*w + 1. Let i(s) = 5*c(s) + 2*u(s). Let h(z) = z - 3. Let y(b) = -4*h(b) + 3*i(b). Does 9 divide y(-6)?
True
Suppose -o = 1 - 5. Suppose 9*x = o*x + 140. Is 11 a factor of x?
False
Let o be -1*(3 - (1 - -1)). Let v be 2*(o + 4) + 0. Let s = 38 - v. Is 24 a factor of s?
False
Suppose 2*r + p + 5 = 35, -5*p = 2*r - 14. Is 4 a factor of r?
False
Let o = -1 + -20. Let h = 42 + o. Does 10 divide h?
False
Let m = -117 + 173. Let b(s) = s**2 + 3*s + 2. Let o be b(-2). Suppose 15 = -3*j, -m = -o*a - 3*a - 2*j. Is a a multiple of 11?
True
Suppose -x + 4*x - 4*m = -16, 2*x + 24 = -4*m. Does 23 divide (-23*1)/(x/24)?
True
Does 21 divide 3/((-18)/(-2))*99?
False
Let y be ((-128)/24)/((-1)/(-6)). Let b = -53 - y. Let i = b + 38. Is 10 a factor of i?
False
Let u = 2 + -5. Suppose 2*o + 57 = 33. Let i = u - o. Is i a multiple of 4?
False
Suppose -127*q + 121*q + 264 = 0. Does 4 divide q?
True
Suppose -2*c + 3*y = -26 - 22, 3*c = 5*y + 74. Is 9 a factor of c?
True
Suppose -3*i - 3*q + 18 = 0, q = -5*i - q + 18. Suppose 21 = 5*l - d, -4*d = -4*l - i*d + 18. Suppose 1 = -l*h + 25. Does 6 divide h?
True
Let i(y) = -5*y**3 + y**2 - 2*y - 3. Let j be 4*-2*3/12. Is i(j) a multiple of 17?
False
Suppose 0 = -x, 5*r + 5*x - 4*x - 20 = 0. Let z(g) = -2*g + 6. Let m be z(-6). Suppose -2*i - m = -r*i. Does 3 divide i?
True
Is (-6)/(-4)*((-308)/(-12) - -1) a multiple of 10?
True
Suppose -4*y - 4*x = 188, 5*y - 87 = -x - 334. Let v be (y/(-15))/(4/6). Let a(c) = 2*c + 3. Is a(v) a multiple of 13?
True
Let y be (25 + -5)/(1 - 2). Let b = y - -65. Is b a multiple of 15?
True
Let w = 45 + -9. Let u = w - 18. Is 9 a factor of u?
True
Let g(f) be the first derivative of f**6/360 + 5*f**4/24 - f**3 - 2. Let r(h) be the third derivative of g(h). Does 21 divide r(4)?
True
Suppose -413 = -4*c - 125. Is 24 a factor of c?
True
Suppose 5*p - 243 = 232. Is p a multiple of 25?
False
Suppose -5*x + 80 = -10*x. Is (x/3)/((-4)/36) a multiple of 13?
False
Suppose -13 = 4*v + c, 0 + 1 = -2*v + 5*c. Let u(a) = 7*a - 4. Let y be u(v). Let x = -10 - y. Does 6 divide x?
False
Suppose 158 + 130 = 6*k. Is k a multiple of 6?
True
Let r(n) = 2*n**2 + 7*n + 11. Is 6 a factor of r(-9)?
False
Let c be (-2)/(-11) - 145/11. Let j = 38 + c. Does 14 divide j?
False
Let u = -89 + 140. Is u a multiple of 17?
True
Let j(y) be the first derivative of y**4/4 - 4*y**3/3 - 3*y**2 + 7*y - 2. Let x be j(5). Suppose -x*p + 18 = -2. Is 10 a factor of p?
True
Suppose 0 = -3*s + 102 - 0. Suppose 50 = 3*i - s. Is 10 a factor of i?
False
Let b(u) = -u**3 + 2*u**2 - 4*u + 2. Let k be b(2). Let n = k + 23. Does 15 divide n?
False
Suppose -5*g + 212 = 3*o, g + 50 = -5*o + 440. Suppose -2*j = -5*v - o, 0*j - 4*v = j - 7. Does 9 divide j?
True
Let y(l) = l**2 - 8*l + 4. Let o be y(10). Suppose 17 = 2*v - 3*b, -3*v + o = -4*b - 2. Is v a multiple of 6?
False
Suppose -5*t - 10 = 0, w - 2 = t + 3. Suppose -w*u - 19 = -3*f + u, 0 = -2*f + u + 16. Does 3 divide f?
True
Let q(g) = g + 1. Let b(o) = -10*o**2 - 3*o - 2. Let n(v) = -b(v) - 3*q(v). Let d be n(-1). Suppose 0 = 2*w - 19 - d. Is 14 a factor of w?
True
Suppose -2*z = 4*h - 4*z - 12, -5*z = -3*h + 16. Suppose -2*d - 2*c + 1 + 11 = 0, c + 6 = 3*d. Suppose 0 = 4*v - 16, -4*r + 44 = h*v + d*v. Does 6 divide r?
True
Let r = 19 + 109. Is 16 a factor of r?
True
Let k(g) = -7*g - 3. Let q(n) = -8*n - 4. Let b(h) = -5*k(h) + 4*q(h). Is b(2) a multiple of 5?
True
Suppose 5*v + 0*y - 251 = -y, -3*y + 90 = 2*v. Does 16 divide v?
False
Let c be 2/5 + 8/5. Suppose -2 - 82 = c*m. Is 1/(-4) - m/8 a multiple of 2?
False
Let l = -3 + 4. Does 5 divide -1 + 18 + (l - 3)?
True
Let k = 195 - 135. Is 20 a factor of k?
True
Let d = -173 + 102. Suppose -5*t + 3*s + 32 = -6*t, -16 = -4*s. Let n = t - d. Does 11 divide n?
False
Let a(r) = -2 + 0 + 2 + 3 - 4*r. Is 23 a factor of a(-5)?
True
Suppose 0 = x - p - 1, -6*p + 3 = -x - 3*p. Suppose -l - 4*i - 8 = 0, 3*i = -4*l + l + x. Does 4 divide l?
True
Let o be (2/(-4))/((-1)/2). Suppose o + 8 = 3*p. Let w = p - -49. Is w a multiple of 21?
False
Let t(m) = m**2 + 12. Let s be t(0). Does 15 divide (-1)/6 + 362/s?
True
Let o = 17 - 11. Suppose b - o*b + 15 = 0. Suppose -3*f + 6 = b*s, 3*f + 2*s - 10 = -0. Does 6 divide f?
True
Let z(q) = q**3 - q + 5. Let f be z(0). Suppose 4*h - 103 = o, 0 = -2*h + 5*o + 42 + f. Is 13 a factor of h?
True
Suppose -x + 1 = -2. Let p = -1 - -1. Suppose p = x*t - 41 - 7. Is t a multiple of 6?
False
Let h(b) = -8*b - 98. Is h(-22) a multiple of 13?
True
Is 1092/(-6)*-1*1 a multiple of 26?
True
Suppose -4*g + 667 + 1053 = 0. Let t be g/14 + 4/14. Suppose -2*y + 5*q + t = 0, -y - 2*q + 20 = -6*q. Is y a multiple of 3?
False
Let a(y) = y**2 - 2*y - 24. Is a(11) a multiple of 4?
False
Let c = 149 - 263. Let n = 238 + c. Suppose -n + 40 = -4*i. Does 10 divide i?
False
Let c = 61 - -24. Suppose -p - c = -2*m, -5*p + 115 = m + m. Is 15 a factor of m?
True
Suppose -2*k - 29 = 2*y + k, 2*y + k = -39. Let p = 43 + y. Does 15 divide p - (-2 + 8)/3?
False
Let m(v) = -5*v**2 + v + 2. Let f be m(3). Is (f/(-1))/(-8 + 9) a multiple of 17?
False
Suppose 1 + 3 = s. Let y = 4 - s. Suppose y = -4*w - c + 64, -w - 4*c = 2*w - 48. Is w a multiple of 16?
True
Suppose 3*m - 72 - 168 = 0. Suppose j + 3*j - m = 0. Let u = 12 + j. Does 13 divide u?
False
Let n(j) = j**2 + 9*j + 12. Suppose 2*l + 40 = -5*r - 3*l, 0 = -4*l. Let b be n(r). Suppose 3*q + f - 11 = 0, b*q + 4*f - 14 = 2*q. Does 3 divide q?
True
Does 9 divide (1 + 14)*((-24)/(-10))/1?
True
Suppose 2*j + 3*f - 516 = 0, 4*f = -j - f + 265. Suppose -i + 209 = 4*q, 5*i + j = 3*q + 2*q. Is q a multiple of 26?
True
Let h(k) = 5 + 20*k - 8*k + 8 - 6. Let s be h(6). Let n = 112 - s. Is n a multiple of 14?
False
Suppose 5*q - 17 = -g + 9, -3*g + q = -14. Let z(t) = 41*t + 6. Let i be z(-3). Is (8/(-6))/(g/i) a multiple of 17?
False
Let h(b) = 5 - b + 2 + 1. Is 3 a factor of h(0)?
False
Let y(t) = -t**3 + 10*t**2 - 5*t - 5. Is y(8) a multiple of 24?
False
Suppose 4*r = p + 201, 0 = 4*r + p - 0*p - 207. Is 26 a factor of r?
False
Is 314/10 - 22/55 a multiple of 8?
False
Suppose -3*o + 165 = p - 560, -o + 3*p = -245. Is 22 a factor of o?
True
Suppose -135 = -4*z + 73. Does 21 divide z?
False
Suppose 3*v - 321 = -2*h, -4*v - 2*h - 34 = -460. Is v a multiple of 15?
True
Suppose 0 = 8*j - 6*j - 670. Does 24 divide j?
False
Let w(x) = 4*x**2 + 2*x - 4. Let i(j) = -j**3 - j**2 - j + 3. Let h be i(0). Is w(h) a multiple of 19?
True
Suppose -5*g + 45 = -2*i, 4*g + 3*i + 7 = 6*g. Is 11 a factor of g?
True
Suppose 2*f + 2 = 0, -2*f = 2*c - 0*f - 72. Is 15 a factor of c?
False
Let k(b) = b**2 + b. Let a(n) = -4*n - 4*n**2 - 2*n + 0*n**2. Let j(d) = 3*a(d) + 15*k(d). Is j(4) a multiple of 18?
True
Is 16 a factor of (-2)/(1/(-16) - 0)?
True
Is 8*(-5)/(-2)*(-8)/(-40) even?
True
Suppose -q + 2*q = 2. Suppose q*b - 42 = b. Is b a multiple of 13?
False
Let f be (1*(3 + -3))/2. Is -2 + 2 + f + 7 a multiple of 6?
False
Suppose 14 = v - 35. Is v a multiple of 22?
False
Suppose 10*d = 9*d + 82. Is d a multiple of 29?
False
Let a be 64/(-10) - 2/(-5). Let d be (-880)/28 - 4/7. Is 8 a factor of 6/(2*a/d)?
True
Suppose m + m + 16 = 0. Let u = m + 6. Is 12 a factor of 26 - 3/((-3)/u)?
True
Suppose -3*k + 60 = 4*q - 34, -q + 109 = 3*k. Suppose -3*t = -5*t + k. Let n = t + 2. Does 10 divide n?
False
Let t be 4/(-14) + (-28)/(-98). Suppose t = -3*c - 0*z + 2*z + 76, 12 = c + 2*z. Is 11 a factor of c?
True
Let k(z) = 2*z**2 - 3*z + 1. Let a be k(3). Suppose 30 = 2*n + 5*s, 0*n = n + 4*s - 21. Suppose 5*c = n*w - w - a, 2*w + 5*c - 20 = 0. Is w a multiple of 3?
False
Suppose 5*f = y + 48